{"id":31,"date":"2021-04-08T23:23:58","date_gmt":"2021-04-08T23:23:58","guid":{"rendered":"http:\/\/sandbox.avotz.com\/rinconviejapark\/?post_type=product&#038;p=31"},"modified":"2021-05-03T20:20:19","modified_gmt":"2021-05-03T20:20:19","slug":"catarata-la-cangreja","status":"publish","type":"product","link":"https:\/\/sandbox.avotz.com\/rinconviejapark\/tour\/catarata-la-cangreja\/","title":{"rendered":"Catarata La Cangreja"},"content":{"rendered":"<p>Este Sendero tiene 10km de ida y vuelta y nos tomar\u00eda entre 4-5 horas de recorrido, tiene en su mayor\u00eda \u00e1rea abierta y un peque\u00f1o sendero con bosque y muchas ra\u00edces en el suelo. Al final del sendero encontraremos la incre\u00edble y hermosa catarata La Cangreja.<\/p>\n","protected":false},"excerpt":{"rendered":"<p>Este Sendero tiene 10km de ida y vuelta y nos tomar\u00eda entre 4-5 horas de recorrido, tiene en su mayor\u00eda \u00e1rea abierta y un peque\u00f1o sendero con bosque y muchas ra\u00edces en el suelo<\/p>\n","protected":false},"featured_media":29,"comment_status":"open","ping_status":"closed","template":"","meta":[],"class_list":["post-31","product","type-product","status-publish","has-post-thumbnail","hentry","product_cat-popular-es"],"_links":{"self":[{"href":"https:\/\/sandbox.avotz.com\/rinconviejapark\/wp-json\/wp\/v2\/product\/31","targetHints":{"allow":["GET"]}}],"collection":[{"href":"https:\/\/sandbox.avotz.com\/rinconviejapark\/wp-json\/wp\/v2\/product"}],"about":[{"href":"https:\/\/sandbox.avotz.com\/rinconviejapark\/wp-json\/wp\/v2\/types\/product"}],"replies":[{"embeddable":true,"href":"https:\/\/sandbox.avotz.com\/rinconviejapark\/wp-json\/wp\/v2\/comments?post=31"}],"wp:featuredmedia":[{"embeddable":true,"href":"https:\/\/sandbox.avotz.com\/rinconviejapark\/wp-json\/wp\/v2\/media\/29"}],"wp:attachment":[{"href":"https:\/\/sandbox.avotz.com\/rinconviejapark\/wp-json\/wp\/v2\/media?parent=31"}],"curies":[{"name":"wp","href":"https:\/\/api.w.org\/{rel}","templated":true}]}}