{"id":30,"date":"2022-01-13T16:43:36","date_gmt":"2022-01-13T16:43:36","guid":{"rendered":"http:\/\/sandbox.avotz.com\/liberianuevawp\/?page_id=30"},"modified":"2022-01-13T20:58:42","modified_gmt":"2022-01-13T20:58:42","slug":"via-estudiantil-capulin","status":"publish","type":"page","link":"https:\/\/sandbox.avotz.com\/liberianuevawp\/via-estudiantil-capulin\/","title":{"rendered":"V\u00eda Estudiantil Capul\u00edn"},"content":{"rendered":"\n<div class=\"wp-block-cover alignfull has-background-dim\" style=\"background-color:#ffffff;min-height:100vh\"><div class=\"wp-block-cover__inner-container\">\n<div class=\"wp-block-media-text alignwide is-stacked-on-mobile is-vertically-aligned-center is-image-fill\" style=\"grid-template-columns:56% auto\"><figure class=\"wp-block-media-text__media\" style=\"background-image:url(http:\/\/sandbox.avotz.com\/liberianuevawp\/wp-content\/uploads\/2022\/01\/anthony-reungere-s6xt1mwF_iU-unsplash.jpg);background-position:50% 50%\"><img loading=\"lazy\" width=\"512\" height=\"768\" src=\"http:\/\/sandbox.avotz.com\/liberianuevawp\/wp-content\/uploads\/2022\/01\/anthony-reungere-s6xt1mwF_iU-unsplash.jpg\" alt=\"\" class=\"wp-image-31 size-full\" srcset=\"https:\/\/sandbox.avotz.com\/liberianuevawp\/wp-content\/uploads\/2022\/01\/anthony-reungere-s6xt1mwF_iU-unsplash.jpg 512w, https:\/\/sandbox.avotz.com\/liberianuevawp\/wp-content\/uploads\/2022\/01\/anthony-reungere-s6xt1mwF_iU-unsplash-200x300.jpg 200w\" sizes=\"(max-width: 512px) 100vw, 512px\" \/><\/figure><div class=\"wp-block-media-text__content\">\n<h2 class=\"has-text-color\" style=\"color:#000000;font-size:32px\">Proyectos<\/h2>\n\n\n\n<p class=\"has-text-color\" style=\"color:#000000;font-size:17px\">Nuestros proyectos son multifac\u00e9ticos en apoyo a la educaci\u00f3n, el arte, donaciones de libros y equipos m\u00e9dicos y mejoramiento de infraestructura, como la \u201cV\u00eda Estudiantil Capul\u00edn,\u201d un proyecto de renovaci\u00f3n vial de 1.7 km en una ruta de alto tr\u00e1nsito estudiantil. El objetivo es construir la v\u00eda con los m\u00e1ximos niveles de calidad, sirviendo de modelo para el resto de la ciudad, provincia y hasta para el pa\u00eds. Esta contar\u00eda con cableados de electrificaci\u00f3n, telefon\u00eda e internet subterr\u00e1neos, ciclov\u00eda para los estudiantes, adoquines en lugar de pavimento en la calzada, aceras, iluminaci\u00f3n por faroles, bah\u00eda para autobuses escolares, puente de dos carriles, entre otros. Para ello necesitamos del apoyo de instituciones, as\u00ed como de la empresa privada.<\/p>\n\n\n\n<div class=\"wp-container-1 wp-block-buttons\">\n<div class=\"wp-block-button is-style-fill\"><a class=\"wp-block-button__link\">Learn more<\/a><\/div>\n<\/div>\n<\/div><\/div>\n\n\n\n<h2 class=\"has-black-color has-text-color\" style=\"font-size:38px;line-height:1.4\"><strong>La \u201cV\u00eda Estudiantil Capul\u00edn\u201d comenzar\u00eda desde la avenida 11 <\/strong><\/h2>\n\n\n\n<div class=\"wp-container-4 wp-block-columns\">\n<div class=\"wp-container-2 wp-block-column\">\n<p class=\"has-black-color has-text-color\">La \u201cV\u00eda Estudiantil Capul\u00edn\u201d comenzar\u00eda desde la avenida 11 (a partir de los sem\u00e1foros sobre la ruta 1), pasando por el Centro Educativo Cenit, la Universidad de San Jos\u00e9, el Liceo Laboratorio de Liberia, luego el r\u00edo Liberia, que va a entroncarse con la calle 36 hasta llegar a una intersecci\u00f3n en T que conectar\u00eda con la avenida 4 y subir hasta encontrarse con la ruta 21, a la altura de la Escuela Laboratorio John F. Kennedy. Esta v\u00eda es de gran importancia para la poblaci\u00f3n estudiantil liberiana ya que conecta con muchas instituciones educativas (como las antes mencionadas) que van desde la educaci\u00f3n preescolar hasta la universitaria (la v\u00eda lleva hacia la Universidad Nacional, Universidad de Costa Rica, Universidad Estatal a Distancia, Universidad de San Jos\u00e9, Instituto Nacional de Aprendizaje, Instituto de Guanacaste, Liceo Laboratorio de Liberia, Colegio T\u00e9cnico Profesional de Liberia, Escuela Farid Ayales, Escuela Laboratorio, Escuela Cenit).<\/p>\n<\/div>\n\n\n\n<div class=\"wp-container-3 wp-block-column\">\n<p class=\"has-black-color has-text-color\" style=\"font-size:18px\">Dicha v\u00eda contar\u00eda con espacios para peatones (acera de 1.35 m de ancho, que incluye franja t\u00e1ctil de gu\u00eda para las personas no videntes) y ciclistas independientes (ciclov\u00eda de 2,50 m de ancho), una calzada de adoqu\u00edn de 6,50 metros de ancho, mobiliario urbano y vegetaci\u00f3n aut\u00f3ctona, pasos peatonales con \u201ccolch\u00f3n\u201d reductor de velocidad (formando una zona elevada en la intersecci\u00f3n).<\/p>\n\n\n\n<figure class=\"wp-block-image size-full\"><img loading=\"lazy\" width=\"960\" height=\"720\" src=\"http:\/\/sandbox.avotz.com\/liberianuevawp\/wp-content\/uploads\/2022\/01\/test.jpg\" alt=\"\" class=\"wp-image-33\" srcset=\"https:\/\/sandbox.avotz.com\/liberianuevawp\/wp-content\/uploads\/2022\/01\/test.jpg 960w, https:\/\/sandbox.avotz.com\/liberianuevawp\/wp-content\/uploads\/2022\/01\/test-300x225.jpg 300w, https:\/\/sandbox.avotz.com\/liberianuevawp\/wp-content\/uploads\/2022\/01\/test-768x576.jpg 768w\" sizes=\"(max-width: 960px) 100vw, 960px\" \/><\/figure>\n<\/div>\n<\/div>\n<\/div><\/div>\n\n\n\n<h2 style=\"font-size:38px;line-height:1.4\"><strong>El proyecto \u201cV\u00eda Estudiantil Capul\u00edn\u201d hab\u00eda sido dividido en tres fases:<\/strong><\/h2>\n\n\n\n<div class=\"wp-container-7 wp-block-columns\">\n<div class=\"wp-container-5 wp-block-column\">\n<ul><li>Levantamiento topogr\u00e1fico (terminado)<\/li><li>Fase de dise\u00f1o (terminado)<\/li><li>Fase de construcci\u00f3n (sin terminar, es necesario apoyo comunal y municipal)<\/li><\/ul>\n\n\n\n<p>Actualmente nos encontramos en la tercera fase, habi\u00e9ndole hecho entrega ya de los planos al pasado gobierno local. Falta darle seguimiento y reactivar las conversaciones entre las autoridades municipales, la comunidad y la empresa privada.<\/p>\n<\/div>\n\n\n\n<div class=\"wp-container-6 wp-block-column\">\n<figure class=\"wp-block-image size-full\"><img loading=\"lazy\" width=\"960\" height=\"720\" src=\"http:\/\/sandbox.avotz.com\/liberianuevawp\/wp-content\/uploads\/2022\/01\/111.jpg\" alt=\"\" class=\"wp-image-32\" srcset=\"https:\/\/sandbox.avotz.com\/liberianuevawp\/wp-content\/uploads\/2022\/01\/111.jpg 960w, https:\/\/sandbox.avotz.com\/liberianuevawp\/wp-content\/uploads\/2022\/01\/111-300x225.jpg 300w, https:\/\/sandbox.avotz.com\/liberianuevawp\/wp-content\/uploads\/2022\/01\/111-768x576.jpg 768w\" sizes=\"(max-width: 960px) 100vw, 960px\" \/><\/figure>\n<\/div>\n<\/div>\n\n\n\n<figure class=\"wp-block-image size-full\"><img loading=\"lazy\" width=\"960\" height=\"720\" src=\"http:\/\/sandbox.avotz.com\/liberianuevawp\/wp-content\/uploads\/2022\/01\/fas.jpg\" alt=\"\" class=\"wp-image-37\" srcset=\"https:\/\/sandbox.avotz.com\/liberianuevawp\/wp-content\/uploads\/2022\/01\/fas.jpg 960w, https:\/\/sandbox.avotz.com\/liberianuevawp\/wp-content\/uploads\/2022\/01\/fas-300x225.jpg 300w, https:\/\/sandbox.avotz.com\/liberianuevawp\/wp-content\/uploads\/2022\/01\/fas-768x576.jpg 768w\" sizes=\"(max-width: 960px) 100vw, 960px\" \/><\/figure>\n\n\n\n<p>En aras de alcanzar este objetivo, necesitamos realizar actividades de diversas \u00edndoles para recaudar fondos. Estas van desde bingos y espect\u00e1culos de talentos estudiantiles, hasta nuestro evento insigne, la Carrera Recreativa \u201cDe la Tierra al Espacio\u201d. Esta ya lleva 8 ediciones hasta el momento. Lamentablemente por la situaci\u00f3n de pandemia por el Covid-19 no se ha podido realizar en los a\u00f1os 2020 y 2021.&nbsp; La asociaci\u00f3n tambi\u00e9n tiene otros planes de proyecci\u00f3n comunitaria, como charlas educativas con el Dr. Franklin Chang D\u00edaz dirigidas a una amplia poblaci\u00f3n, as\u00ed como donaciones. Es por esto por lo que requerimos de donaciones y del apoyo comunitario, estatal y empresarial<\/p>\n","protected":false},"excerpt":{"rendered":"<p>El proyecto \u201cV\u00eda Estudiantil Capul\u00edn\u201d hab\u00eda sido dividido en tres fases: Levantamiento topogr\u00e1fico (terminado) Fase de dise\u00f1o (terminado) Fase de construcci\u00f3n (sin terminar, es necesario apoyo comunal y municipal) Actualmente nos encontramos en la tercera fase, habi\u00e9ndole hecho entrega ya de los planos al pasado gobierno local. Falta darle seguimiento y reactivar las conversaciones entre [&hellip;]<\/p>\n","protected":false},"author":1,"featured_media":48,"parent":0,"menu_order":0,"comment_status":"closed","ping_status":"closed","template":"","meta":[],"_links":{"self":[{"href":"https:\/\/sandbox.avotz.com\/liberianuevawp\/wp-json\/wp\/v2\/pages\/30"}],"collection":[{"href":"https:\/\/sandbox.avotz.com\/liberianuevawp\/wp-json\/wp\/v2\/pages"}],"about":[{"href":"https:\/\/sandbox.avotz.com\/liberianuevawp\/wp-json\/wp\/v2\/types\/page"}],"author":[{"embeddable":true,"href":"https:\/\/sandbox.avotz.com\/liberianuevawp\/wp-json\/wp\/v2\/users\/1"}],"replies":[{"embeddable":true,"href":"https:\/\/sandbox.avotz.com\/liberianuevawp\/wp-json\/wp\/v2\/comments?post=30"}],"version-history":[{"count":4,"href":"https:\/\/sandbox.avotz.com\/liberianuevawp\/wp-json\/wp\/v2\/pages\/30\/revisions"}],"predecessor-version":[{"id":39,"href":"https:\/\/sandbox.avotz.com\/liberianuevawp\/wp-json\/wp\/v2\/pages\/30\/revisions\/39"}],"wp:featuredmedia":[{"embeddable":true,"href":"https:\/\/sandbox.avotz.com\/liberianuevawp\/wp-json\/wp\/v2\/media\/48"}],"wp:attachment":[{"href":"https:\/\/sandbox.avotz.com\/liberianuevawp\/wp-json\/wp\/v2\/media?parent=30"}],"curies":[{"name":"wp","href":"https:\/\/api.w.org\/{rel}","templated":true}]}}

Vía Estudiantil Capulín

<div class="wp-block-cover alignfull has-background-dim" style="background-color:#ffffff;min-height:100vh"><div class="wp-block-cover__inner-container">
<div class="wp-block-media-text alignwide is-stacked-on-mobile is-vertically-aligned-center is-image-fill" style="grid-template-columns:56% auto"><figure class="wp-block-media-text__media" style="background-image:url(http://sandbox.avotz.com/liberianuevawp/wp-content/uploads/2022/01/anthony-reungere-s6xt1mwF_iU-unsplash.jpg);background-position:50% 50%"><img loading="lazy" width="512" height="768" src="http://sandbox.avotz.com/liberianuevawp/wp-content/uploads/2022/01/anthony-reungere-s6xt1mwF_iU-unsplash.jpg" alt="" class="wp-image-31 size-full" srcset="https://sandbox.avotz.com/liberianuevawp/wp-content/uploads/2022/01/anthony-reungere-s6xt1mwF_iU-unsplash.jpg 512w, https://sandbox.avotz.com/liberianuevawp/wp-content/uploads/2022/01/anthony-reungere-s6xt1mwF_iU-unsplash-200x300.jpg 200w" sizes="(max-width: 512px) 100vw, 512px" /></figure><div class="wp-block-media-text__content">
<h2 class="has-text-color" style="color:#000000;font-size:32px">Proyectos</h2>



<p class="has-text-color" style="color:#000000;font-size:17px">Nuestros proyectos son multifacéticos en apoyo a la educación, el arte, donaciones de libros y equipos médicos y mejoramiento de infraestructura, como la “Vía Estudiantil Capulín,” un proyecto de renovación vial de 1.7 km en una ruta de alto tránsito estudiantil. El objetivo es construir la vía con los máximos niveles de calidad, sirviendo de modelo para el resto de la ciudad, provincia y hasta para el país. Esta contaría con cableados de electrificación, telefonía e internet subterráneos, ciclovía para los estudiantes, adoquines en lugar de pavimento en la calzada, aceras, iluminación por faroles, bahía para autobuses escolares, puente de dos carriles, entre otros. Para ello necesitamos del apoyo de instituciones, así como de la empresa privada.</p>



<div class="wp-container-1 wp-block-buttons">
<div class="wp-block-button is-style-fill"><a class="wp-block-button__link">Learn more</a></div>
</div>
</div></div>



<h2 class="has-black-color has-text-color" style="font-size:38px;line-height:1.4"><strong>La “Vía Estudiantil Capulín” comenzaría desde la avenida 11 </strong></h2>



<div class="wp-container-4 wp-block-columns">
<div class="wp-container-2 wp-block-column">
<p class="has-black-color has-text-color">La “Vía Estudiantil Capulín” comenzaría desde la avenida 11 (a partir de los semáforos sobre la ruta 1), pasando por el Centro Educativo Cenit, la Universidad de San José, el Liceo Laboratorio de Liberia, luego el río Liberia, que va a entroncarse con la calle 36 hasta llegar a una intersección en T que conectaría con la avenida 4 y subir hasta encontrarse con la ruta 21, a la altura de la Escuela Laboratorio John F. Kennedy. Esta vía es de gran importancia para la población estudiantil liberiana ya que conecta con muchas instituciones educativas (como las antes mencionadas) que van desde la educación preescolar hasta la universitaria (la vía lleva hacia la Universidad Nacional, Universidad de Costa Rica, Universidad Estatal a Distancia, Universidad de San José, Instituto Nacional de Aprendizaje, Instituto de Guanacaste, Liceo Laboratorio de Liberia, Colegio Técnico Profesional de Liberia, Escuela Farid Ayales, Escuela Laboratorio, Escuela Cenit).</p>
</div>



<div class="wp-container-3 wp-block-column">
<p class="has-black-color has-text-color" style="font-size:18px">Dicha vía contaría con espacios para peatones (acera de 1.35 m de ancho, que incluye franja táctil de guía para las personas no videntes) y ciclistas independientes (ciclovía de 2,50 m de ancho), una calzada de adoquín de 6,50 metros de ancho, mobiliario urbano y vegetación autóctona, pasos peatonales con “colchón” reductor de velocidad (formando una zona elevada en la intersección).</p>



<figure class="wp-block-image size-full"><img loading="lazy" width="960" height="720" src="http://sandbox.avotz.com/liberianuevawp/wp-content/uploads/2022/01/test.jpg" alt="" class="wp-image-33" srcset="https://sandbox.avotz.com/liberianuevawp/wp-content/uploads/2022/01/test.jpg 960w, https://sandbox.avotz.com/liberianuevawp/wp-content/uploads/2022/01/test-300x225.jpg 300w, https://sandbox.avotz.com/liberianuevawp/wp-content/uploads/2022/01/test-768x576.jpg 768w" sizes="(max-width: 960px) 100vw, 960px" /></figure>
</div>
</div>
</div></div>



<h2 style="font-size:38px;line-height:1.4"><strong>El proyecto “Vía Estudiantil Capulín” había sido dividido en tres fases:</strong></h2>



<div class="wp-container-7 wp-block-columns">
<div class="wp-container-5 wp-block-column">
<ul><li>Levantamiento topográfico (terminado)</li><li>Fase de diseño (terminado)</li><li>Fase de construcción (sin terminar, es necesario apoyo comunal y municipal)</li></ul>



<p>Actualmente nos encontramos en la tercera fase, habiéndole hecho entrega ya de los planos al pasado gobierno local. Falta darle seguimiento y reactivar las conversaciones entre las autoridades municipales, la comunidad y la empresa privada.</p>
</div>



<div class="wp-container-6 wp-block-column">
<figure class="wp-block-image size-full"><img loading="lazy" width="960" height="720" src="http://sandbox.avotz.com/liberianuevawp/wp-content/uploads/2022/01/111.jpg" alt="" class="wp-image-32" srcset="https://sandbox.avotz.com/liberianuevawp/wp-content/uploads/2022/01/111.jpg 960w, https://sandbox.avotz.com/liberianuevawp/wp-content/uploads/2022/01/111-300x225.jpg 300w, https://sandbox.avotz.com/liberianuevawp/wp-content/uploads/2022/01/111-768x576.jpg 768w" sizes="(max-width: 960px) 100vw, 960px" /></figure>
</div>
</div>



<figure class="wp-block-image size-full"><img loading="lazy" width="960" height="720" src="http://sandbox.avotz.com/liberianuevawp/wp-content/uploads/2022/01/fas.jpg" alt="" class="wp-image-37" srcset="https://sandbox.avotz.com/liberianuevawp/wp-content/uploads/2022/01/fas.jpg 960w, https://sandbox.avotz.com/liberianuevawp/wp-content/uploads/2022/01/fas-300x225.jpg 300w, https://sandbox.avotz.com/liberianuevawp/wp-content/uploads/2022/01/fas-768x576.jpg 768w" sizes="(max-width: 960px) 100vw, 960px" /></figure>



<p>En aras de alcanzar este objetivo, necesitamos realizar actividades de diversas índoles para recaudar fondos. Estas van desde bingos y espectáculos de talentos estudiantiles, hasta nuestro evento insigne, la Carrera Recreativa “De la Tierra al Espacio”. Esta ya lleva 8 ediciones hasta el momento. Lamentablemente por la situación de pandemia por el Covid-19 no se ha podido realizar en los años 2020 y 2021.&nbsp; La asociación también tiene otros planes de proyección comunitaria, como charlas educativas con el Dr. Franklin Chang Díaz dirigidas a una amplia población, así como donaciones. Es por esto por lo que requerimos de donaciones y del apoyo comunitario, estatal y empresarial</p>

<p>El proyecto “Vía Estudiantil Capulín” había sido dividido en tres fases: Levantamiento topográfico (terminado) Fase de diseño (terminado) Fase de construcción (sin terminar, es necesario apoyo comunal y municipal) Actualmente nos encontramos en la tercera fase, habiéndole hecho entrega ya de los planos al pasado gobierno local. Falta darle seguimiento y reactivar las conversaciones entre [&hellip;]</p>
